Calculate b(6).
-6
Let q = -453 - -456. Let b(t) = q*t - 6*t + 2*t + 14 + 0*t - t. Give b(8).
-2
Let w(v) = 14*v + 83. Let x(h) = -3*h - 19. Let m(r) = 2*w(r) + 9*x(r). Determine m(-10).
-15
Let x(q) = -4*q - 3*q + 6*q + 1 + 2*q. Suppose 54 = -10457*d + 10448*d. Calculate x(d).
-5
Suppose q = -2*i + 5, i + 2*q + 0 - 1 = 0. Suppose 3*k = i + 3. Let t(h) = -9 + 3*h - 2 + 4 + 5 + 0. Calculate t(k).
4
Let d(v) = 53*v + 38*v - 143*v + 20 + 49*v. What is d(6)?
2
Let q(j) = 5*j + 111. Suppose 0 = -2*p + 7*s - 39, -3*p - 66 = -4*s + s. Determine q(p).
-4
Let a(f) = -f**3 - 4*f**2 + f - 4. Let l be (-3478)/(-740) + (-3)/(-10). Let z(b) = -b**3 - 4*b**2 - 4. Let o(w) = l*z(w) - 6*a(w). Calculate o(-5).
9
Let m(v) be the third derivative of v**5/60 + 2*v**4/3 + 7*v**3/3 - 7974*v**2. What is m(-7)?
-49
Let j(q) = -q - 3. Let p(m) = 2*m - 6. Let l be p(8). Let k(a) = -a**3 + 12*a**2 - 13*a + 8. Let x be k(l). Let f be (-6 - x/(-9))*(-3)/2. Determine j(f).
1
Let y(z) = -z**2 - 4. Suppose 10 + 24 = 2*b + 2*n, -3*b = 2*n - 49. Let j = 43 - 24. Suppose -w = -b + j. What is y(w)?
-20
Let a = 158 + -154. Let i(n) be the first derivative of 9 - n - n**2 - 2/3*n**3 + 3/2*n**a. What is i(-1)?
-7
Suppose 4*n - v + 15 + 40 = 0, 0 = -2*n + 3*v - 35. Let c(d) = -d**2 - 15*d - 22. What is c(n)?
4
Suppose -4162*u + 21 = -4155*u. Let s(z) = 9*z - 26. Calculate s(u).
1
Let g(j) be the third derivative of j**8/4032 - j**6/720 - 7*j**5/30 + 7*j**3/6 - 2*j**2 + 4*j. Let o(l) be the third derivative of g(l). Calculate o(-1).
4
Let i be 252/(-35)*(-20)/(-8). Let y(m) be the second derivative of -m**3/3 - 15*m**2 - 2*m + 45. Calculate y(i).
6
Let s be ((-8)/(-5))/(1 - (-12)/(-15)). Suppose -4 = -4*f + s. Suppose 8*o - 33 = -f*o. Let t(d) = d - 2. Determine t(o).
1
Let h(f) = -f**2 - f + 80. Let l = -12497 + 12507. What is h(l)?
-30
Suppose 5*p + 4*o = 52, -2*o - 12 = -3*p + 6. Let s(d) = p + 0 + 10*d**2 - 10*d**2 - 9*d - d**2. What is s(-7)?
22
Let z = -4 + 13. Suppose -z*p + 5*p + 28 = 0. Let v be 1/p*-3 - 12/(-28). Let w(y) = -y**2 + y + 11. Give w(v).
11
Let p(g) = -55*g**3 + 106*g**2 - 165*g + 540. Let r(f) = 7*f**3 - 13*f**2 + 21*f - 68. Let x(q) = 6*p(q) + 47*r(q). Calculate x(25).
-31
Let z be (-1 - (-9 + 2)) + -3. Let i(x) = x**2 - 3*x + 2. Let y(b) = b**2 - 2*b + 1. Suppose -9 = -11*f + 2. Let a(v) = f*y(v) + i(v). Calculate a(z).
6
Let o(i) = -15*i**3 - i**2 + i + 1. Suppose 16*d - 24 = 12*d. Let f be 2/(-5) + (27/5 - d). What is o(f)?
14
Let w(y) = -y**2 + 55*y + 4. Let i(o) = -2*o**2 + 92*o + 7. Let t(f) = -3*i(f) + 5*w(f). Let h = 8 + -6. Calculate t(h).
1
Suppose -5*z - 23 = -4*x, -5*x + 19 = 3*z - 6*z. Let g(d) = -3*d - 31 + x*d + 30. Determine g(9).
-10
Suppose 7 = 4*n + 3*x, 11*x - 18 = 4*n + 9*x. Let m(z) = 22*z + 15. What is m(n)?
-29
Suppose 0 = 2*s - 4*s + 5*g + 14, 28 = 3*s - 4*g. Let z(d) = s - 31 + 10 + 10 + d. Let m = -11 - -5. Give z(m).
-5
Let o(k) be the third derivative of k**9/15120 - k**7/5040 - 253*k**5/60 + 74*k**2 - 1. Let l(n) be the third derivative of o(n). What is l(1)?
3
Let x(u) = -u**3 + 2*u**2 - u - 3. Let t(y) = 2*y - 22. Let v be t(11). Suppose p + c - 3 = v, 7 + 15 = 4*p + 2*c. Suppose 3 = p*a - 7*a. Determine x(a).
-15
Let z(p) = 3 + p**3 + 0*p**2 - 6*p**2 - 6*p + p**2. Let n(f) = 72*f + 258. Let t be n(-3). Suppose -23*g = -30*g + t. Determine z(g).
3
Let i(j) be the second derivative of -1/12*j**4 - 3/2*j**2 + 3*j - 1/3*j**3 + 9. What is i(-2)?
-3
Let z(d) = -61131 - 61115 - d + 122255. Calculate z(-5).
14
Let l(t) = 2*t - 4. Let z be l(-3). Let q(n) = 3*n. Let y(p) = -8*p. Let a(j) = -11*q(j) - 4*y(j). Give a(z).
10
Let a(r) = -897 + 25*r + 898 - 11*r - 16*r + 6*r**2. Let x = -11 - -9. Let c = x + 3. What is a(c)?
5
Let o(u) = u**2 - u**3 + 2*u**2 - 5*u - 1 - 3 + 2*u**2. Let w = 1470 + -1466. Determine o(w).
-8
Let p(g) be the first derivative of -13*g**4/4 - g**3/3 - 3. Let h be (-14)/21 + 1/(-3). What is p(h)?
12
Suppose 4*j + 4*u + 135 = j, -j - 4*u = 53. Let m = 44 + j. Let d(h) = 350 - 348 + 6*h**2 - h + 2*h**m - 3*h**3. What is d(6)?
-4
Let d be (-400)/(-50)*(-6)/16. Let h(n) = n**2 + n - 8. Give h(d).
-2
Let k = -1483 - -1823. Let v = k + -335. Let g(j) = 4*j**2 - j + 2. Let l(d) = 3*d**2 + 3. Let w(q) = 4*g(q) - 5*l(q). Give w(v).
-2
Let u = -27 + 29. Let h(j) = 3*j**2 + 13*j - 8. Let v(a) = 7*a**2 + 26*a - 18. Let g(d) = u*v(d) - 5*h(d). Give g(-9).
40
Let r(o) be the second derivative of -198*o - 1/2*o**3 + 1/12*o**4 - 7/2*o**2 + 0. Determine r(5).
3
Suppose 0 = -9*o + 98 + 118. Suppose -51*w = -57*w + o. Let z(t) = -10*t**2 - t + 13. Let l(u) = 7*u**2 + u - 9. Let c(m) = 7*l(m) + 5*z(m). What is c(w)?
-6
Let o be 2/((-40)/(-21)) + (2312/85 - 28). Let t(d) be the first derivative of -7*d - o*d**4 + 23 + 9/2*d**2 + 8/3*d**3. Determine t(9).
-7
Let f(z) = z + 6. Let g = 476 + -752. Let l = 285 + g. Give f(l).
15
Suppose -7*a + 6*a + 4*c + 2 = 0, -3*c + 81 = 3*a. Suppose 4*k - 2*s = a, -4*s = 3*k - s - 21. Let y(x) = -k + 2*x - 3 + 6. Give y(3).
3
Let v(a) be the second derivative of -a**5/10 + a**4/4 - a**3/6 + 3*a**2/2 - 2082*a. What is v(3)?
-27
Let h be ((-4)/(-8) - 301/98)*(-14)/3. Let c(a) = -a**2 + 4*a + 72. Give c(h).
-24
Let a(r) = -r**3 - 13*r**2 + r - 9. Let u(w) = -4*w**3 - 41*w**2 + 3*w - 28. Let h(o) = -7*a(o) + 2*u(o). Suppose 29 = 7*p - 34. Give h(p).
-2
Let w(k) = k**3 + 8*k**2 - 6*k + 31. Let u be w(-9). Suppose -9*o + 495 = -u*o. Suppose m = 10*m - o. Let s(r) = -r**3 + 12*r**2 - 12*r + 6. Give s(m).
-5
Let y = 66 - 60. Suppose -12 = -r - y. Let t(o) = 8*o - 23*o + 14*o + 8. Determine t(r).
2
Let y(m) = -15*m + 23. Suppose -43*s - 4*o + 18 = -38*s, 6 = 2*s + o. Determine y(s).
-7
Let i(f) = -f**3 + 12*f**2 + 4*f - 11. Let d = -8432 - -8444. Give i(d).
37
Let o(d) = 13*d**3 - d**2 + d + 1. Let i be 50/14 - ((-195)/(-35) + -5). Suppose 18 = -3*z - 5*l, -4*l = -i*z - 5*l - 6. Determine o(z).
-14
Let z(t) = t + 17. Let b(s) = s**3 + 6*s**2 - 40*s - 4. Let m be b(4). Give z(m).
13
Let h(d) = d**2 + 7*d + 3. Let x(s) = -20*s - 686. Let c be x(-34). Determine h(c).
-3
Let q(u) = -2*u + 1. Let y be q(2). Let t(w) be the third derivative of w**4/24 - w**3/2 + 81*w**2 + 1. Calculate t(y).
-6
Suppose 0 = 3*k - 26*k - 96*k + 357. Let l(x) be the third derivative of 0 + 1/60*x**5 + 0*x - 1/3*x**k - 10*x**2 - 1/3*x**4. What is l(8)?
-2
Let p = 0 - -2. Suppose -4*z - 4 + 12 = 4*m, -4*z - p*m + 16 = 0. Let x(l) be the second derivative of -l**5/20 + l**4/2 + l**3/6 + 5*l**2/2 + 414*l. Give x(z).
11
Suppose 21*v - 86 = 565. Suppose v = 6*h + 55. Let p(r) = r**3 + 2*r**2 - 7*r - 5. Calculate p(h).
-9
Suppose 2*d = 7*d + 4*v + 25, -4*v + 5 = -d. Let s(m) = -2*m**3 + 2*m**2 - 2*m. Let y(z) = -z**3 - z**2 - z - 1. Let h(j) = s(j) - 3*y(j). Calculate h(d).
-2
Let j(b) = -2*b**2 + 2*b + 1. Let r(y) = 7*y - 127. Let w be r(18). Calculate j(w).
-3
Let g be (1/7)/(2 + 84/(-49)). Let q(r) be the second derivative of -g*r**2 + 0 - r + 2/3*r**3. Determine q(-3).
-13
Let b(h) = h**3 - 9*h**2 + 23*h - 12. Let w be b(5). Suppose 0 = -3*u + w*z + 7 - 16, -3*u + 4*z - 9 = 0. Let l(o) = -o**3 - 4*o**2 - 5*o - 2. Give l(u).
4
Let d = 9 - 5. Let n(z) be the third derivative of 0 + 0*z + 0*z**4 - 27*z**2 - 1/15*z**5 + 1/120*z**6 + 2/3*z**3. What is n(d)?
4
Let w(m) = 16 - 25 + 1421*m - 1414*m + m**3 + 8*m**2. Determine w(-7).
-9
Suppose -a + 2*z + 12 = 0, 3*a + 0*z = -2*z - 4. Let m(n) = -n**a - 59 + 2*n**2 + 119 - 51. Calculate m(0).
9
Let z(t) = 2. Let o(r) = -r + 5. Let x(b) = -4*o(b) + 9*z(b). Let f be ((-54)/(-252))/(18/168). What is x(f)?
6
Let f(a) = a**2 - 8*a - 3. Suppose t + 28 = 36. Let n be -1*t/14 - (-6164)/644. Calculate f(n).
6
Let b(u) = u**2 + 17*u + 16. Let h be b(-24). Let c = 184 - h. Let n(f) = -f**3 - f + 34. What is n(c)?
34
Suppose 0 = 5*h - 2 - 13. Let v(r) = 3*r**3 - 79*r + 2*r**2 - 4 + r**3 - 3*r**h + 80*r + 0*r**2. What is v(-2)?
-6
Let h(x) be the second derivative of -x**2 - x - 1/12*x**4 - x**3 + 41. What is h(-4)?
6
Let g(c) = -c**3 - 12*c**2 - 12*c - 15. Let p(j) = -j**2 - 22*j - 123. Let m be p(-14). Determine g(m).
-4
Let g(b) = -1 - 64*b + 60*b - 11 + 0. What is g(3)?
-24
Let i(t) = -94*t**2 + 19 + 2*t - 123*t**2 + 235*t**2 + t**3. Determine i(-18).
-17
Let v(z) = -17 + 593*z - 7 + 600*z - 1190*z. Calc